{"id":603,"date":"2025-07-30T17:04:49","date_gmt":"2025-07-30T17:04:49","guid":{"rendered":"https:\/\/etnpro.com\/?page_id=603"},"modified":"2025-08-04T14:28:59","modified_gmt":"2025-08-04T14:28:59","slug":"devenez-revendeur","status":"publish","type":"page","link":"https:\/\/etnpro.com\/?page_id=603&lang=fr","title":{"rendered":"Devenez revendeur"},"content":{"rendered":"\t\t<div data-elementor-type=\"wp-page\" data-elementor-id=\"603\" class=\"elementor elementor-603\">\n\t\t\t\t<div class=\"elementor-element elementor-element-6f6ff24 e-flex e-con-boxed e-con e-parent\" data-id=\"6f6ff24\" data-element_type=\"container\">\n\t\t\t\t\t<div class=\"e-con-inner\">\n\t\t<div class=\"elementor-element elementor-element-0ab1242 e-con-full e-flex e-con e-child\" data-id=\"0ab1242\" data-element_type=\"container\">\n\t\t\t\t<div class=\"elementor-element elementor-element-3ee82cb elementor-widget elementor-widget-tp-heading\" data-id=\"3ee82cb\" data-element_type=\"widget\" data-widget_type=\"tp-heading.default\">\n\t\t\t\t<div class=\"elementor-widget-container\">\n\t\t\t\t\t\r\n\t\t\r\n            <div class=\"section__title\">\r\n\r\n                <span class=\"sub-title tg-text-gradient\"> Devenez partenaire ETNPro<\/span>\r\n                \r\n                                    <p class=\"desc\">Vous \u00eates commer\u00e7ant, entrepreneur ou simplement motiv\u00e9 ?\nRejoignez notre r\u00e9seau de partenaires et proposez \u00e0 votre communaut\u00e9 un acc\u00e8s facilit\u00e9 \u00e0 ETNPro.<br>\n\nEn tant que partenaire, vous accompagnez de nouveaux utilisateurs dans leur inscription et leur utilisation de l\u2019application.<br>\nPour chaque activation r\u00e9ussie via votre lien ou code partenaire, vous b\u00e9n\u00e9ficiez d\u2019une r\u00e9compense transparente selon nos conditions.<br>\n\nAucune gestion d\u2019argent ne vous est demand\u00e9e. Toutes les transactions sont s\u00e9curis\u00e9es et g\u00e9r\u00e9es directement par les utilisateurs.<br>\n\nInt\u00e9ress\u00e9 ? Contactez-nous pour recevoir votre acc\u00e8s partenaire.<\/h4>\n<\/p>\r\n                \r\n            <\/div>\r\n\r\n        \r\n        \t\t\t\t<\/div>\n\t\t\t\t<\/div>\n\t\t\t\t<\/div>\n\t\t<div class=\"elementor-element elementor-element-08de5c7 e-con-full e-flex e-con e-child\" data-id=\"08de5c7\" data-element_type=\"container\">\n\t\t\t\t<div class=\"elementor-element elementor-element-ae6d133 elementor-widget elementor-widget-shortcode\" data-id=\"ae6d133\" data-element_type=\"widget\" data-widget_type=\"shortcode.default\">\n\t\t\t\t\t\t\t<div class=\"elementor-shortcode\"><div class=\"frm_forms  with_frm_style frm_style_formidable-style\" id=\"frm_form_3_container\" data-token=\"de4b4870e38d41114355d14fec3f40bd\">\n<form enctype=\"multipart\/form-data\" method=\"post\" class=\"frm-show-form  frm_pro_form \" id=\"form_resseler-en2\" data-token=\"de4b4870e38d41114355d14fec3f40bd\">\n<div class=\"frm_form_fields \">\n<fieldset>\n<legend class=\"frm_screen_reader\">resseler - fr<\/legend>\r\n\r\n<div class=\"frm_fields_container\">\n<input type=\"hidden\" name=\"frm_action\" value=\"create\" \/>\n<input type=\"hidden\" name=\"form_id\" value=\"3\" \/>\n<input type=\"hidden\" name=\"frm_hide_fields_3\" id=\"frm_hide_fields_3\" value=\"\" \/>\n<input type=\"hidden\" name=\"form_key\" value=\"resseler-en2\" \/>\n<input type=\"hidden\" name=\"item_meta[0]\" value=\"\" \/>\n<input type=\"hidden\" id=\"frm_submit_entry_3\" name=\"frm_submit_entry_3\" value=\"8b4fc63156\" \/><input type=\"hidden\" name=\"_wp_http_referer\" value=\"\/index.php?rest_route=%2Fwp%2Fv2%2Fpages%2F603\" \/><div id=\"frm_field_13_container\" class=\"frm_form_field form-field  frm_required_field frm_top_container frm6 frm_first\">\r\n\t<label for=\"field_xos2v2\" id=\"field_xos2v2_label\" class=\"frm_primary_label\">Nom complet\r\n\t\t<span class=\"frm_required\" aria-hidden=\"true\">*<\/span>\r\n\t<\/label>\r\n\t<input  type=\"text\" id=\"field_xos2v2\" name=\"item_meta[13]\" value=\"\"  data-reqmsg=\"Nom complet ne peut pas \u00eatre vide.\" aria-required=\"true\" data-invmsg=\"Nom complet est non valide\" aria-invalid=\"false\"   \/>\r\n\t\r\n\t\r\n<\/div>\n<div id=\"frm_field_14_container\" class=\"frm_form_field form-field  frm_required_field frm_top_container frm6\">\r\n\t<label for=\"field_ikhrl2\" id=\"field_ikhrl2_label\" class=\"frm_primary_label\">E-mail\r\n\t\t<span class=\"frm_required\" aria-hidden=\"true\">*<\/span>\r\n\t<\/label>\r\n\t<input type=\"email\" id=\"field_ikhrl2\" name=\"item_meta[14]\" value=\"\"  autocomplete=\"email\"  data-reqmsg=\"E-mail ne peut pas \u00eatre vide.\" aria-required=\"true\" data-invmsg=\"E-mail est non valide\" aria-invalid=\"false\"  \/>\r\n\t\r\n\t\r\n<\/div>\n<div id=\"frm_field_15_container\" class=\"frm_form_field form-field  frm_required_field frm_top_container frm6 frm_first\">\r\n\t<label for=\"field_zxtgt2\" id=\"field_zxtgt2_label\" class=\"frm_primary_label\">Num\u00e9ro WhatsApp (avec indicatif)  \r\n\t\t<span class=\"frm_required\" aria-hidden=\"true\">*<\/span>\r\n\t<\/label>\r\n\t<input type=\"tel\" id=\"field_zxtgt2\" name=\"item_meta[15]\" value=\"\"  data-reqmsg=\"Num\u00e9ro WhatsApp (avec indicatif)   ne peut pas \u00eatre vide.\" aria-required=\"true\" data-invmsg=\"Num\u00e9ro WhatsApp (avec indicatif)   est non valide\" aria-invalid=\"false\" pattern=\"((\\+\\d{1,3}(-|.| )?\\(?\\d\\)?(-| |.)?\\d{1,5})|(\\(?\\d{2,6}\\)?))(-|.| )?(\\d{3,4})(-|.| )?(\\d{4})(( x| ext)\\d{1,5}){0,1}$\"  \/>\r\n\t\r\n\t\r\n<\/div>\n<div id=\"frm_field_16_container\" class=\"frm_form_field form-field  frm_required_field frm_top_container frm6\">\r\n\t<label for=\"field_pr2fx2\" id=\"field_pr2fx2_label\" class=\"frm_primary_label\">Pays\r\n\t\t<span class=\"frm_required\" aria-hidden=\"true\">*<\/span>\r\n\t<\/label>\r\n\t<input  type=\"text\" id=\"field_pr2fx2\" name=\"item_meta[16]\" value=\"\"  data-reqmsg=\"Pays ne peut pas \u00eatre vide.\" aria-required=\"true\" data-invmsg=\"Pays est non valide\" aria-invalid=\"false\"   \/>\r\n\t\r\n\t\r\n<\/div>\n<div id=\"frm_field_17_container\" class=\"frm_form_field form-field  frm_required_field frm_top_container\">\r\n\t<label for=\"field_oqqm32\" id=\"field_oqqm32_label\" class=\"frm_primary_label\">Message \r\n\t\t<span class=\"frm_required\" aria-hidden=\"true\">*<\/span>\r\n\t<\/label>\r\n\t<textarea data-auto-grow=\"1\"  name=\"item_meta[17]\" id=\"field_oqqm32\" rows=\"5\"  data-frmval=\"Bonjour,\r\n\r\nJe souhaite devenir partenaire de la plateforme ETNPro afin de proposer votre solution \u00e0 ma communaut\u00e9.\r\nVoici mes informations :\r\n\r\nNom complet :\r\n\r\nEmail :\r\n\r\nWhatsApp :\r\n\r\nPays :\r\n\r\nJe suis int\u00e9ress\u00e9 par votre programme de partenariat et je souhaiterais recevoir les d\u00e9tails afin d\u2019obtenir mon acc\u00e8s partenaire et commencer \u00e0 recommander la plateforme.\r\nMerci de me contacter rapidement.\r\n\r\nCordialement,\r\n[Nom complet]\" data-reqmsg=\"Message  ne peut pas \u00eatre vide.\" aria-required=\"true\" data-invmsg=\"Message  est non valide\" aria-invalid=\"false\"  >Bonjour,\r\n\r\nJe souhaite devenir partenaire de la plateforme ETNPro afin de proposer votre solution \u00e0 ma communaut\u00e9.\r\nVoici mes informations :\r\n\r\nNom complet :\r\n\r\nEmail :\r\n\r\nWhatsApp :\r\n\r\nPays :\r\n\r\nJe suis int\u00e9ress\u00e9 par votre programme de partenariat et je souhaiterais recevoir les d\u00e9tails afin d\u2019obtenir mon acc\u00e8s partenaire et commencer \u00e0 recommander la plateforme.\r\nMerci de me contacter rapidement.\r\n\r\nCordialement,\r\n[Nom complet]<\/textarea>\r\n\t\r\n\t\r\n<\/div>\n<div id=\"frm_field_18_container\" class=\"frm_form_field form-field  frm_none_container frm12 frm_first\">\r\n\t<label for=\"g-recaptcha-response\" id=\"field_682le2_label\" class=\"frm_primary_label\">Captcha\r\n\t\t<span class=\"frm_required\" aria-hidden=\"true\"><\/span>\r\n\t<\/label>\r\n\t<div  id=\"field_682le2\" class=\"frm-g-recaptcha\" data-sitekey=\"6LdodJcrAAAAAMW3J8FHesaDvHt4Y1MBNPXoQJwg\" data-size=\"normal\" data-theme=\"light\"><\/div>\r\n\t\r\n\t\r\n<\/div>\n<div id=\"frm_field_19_container\" class=\"frm_form_field form-field  frm12 frm_first\">\r\n\t<div class=\"frm_submit frm_flex\">\r\n<button class=\"frm_button_submit frm_final_submit\" type=\"submit\"   formnovalidate=\"formnovalidate\">Submit<\/button>\r\n\r\n\r\n\r\n<\/div>\r\n<\/div>\n\t<input type=\"hidden\" name=\"item_key\" value=\"\" \/>\n\t\t\t<div id=\"frm_field_41_container\">\n\t\t\t<label for=\"field_opy6a\" >\n\t\t\t\tSi vous \u00eates un humain, ne remplissez pas ce champ.\t\t\t<\/label>\n\t\t\t<input  id=\"field_opy6a\" type=\"text\" class=\"frm_form_field form-field frm_verify\" name=\"item_meta[41]\" value=\"\"  \/>\n\t\t<\/div>\n\t\t<input name=\"frm_state\" type=\"hidden\" value=\"TP5S9vH6vLppCrOBRjlt9jzJpzZofYjS99gpO7ELz6qdUOC9q9ycIYcyP2MN\/pUs\" \/><\/div>\n<\/fieldset>\n<\/div>\n\n<\/form>\n<\/div>\n<\/div>\n\t\t\t\t\t\t<\/div>\n\t\t\t\t<\/div>\n\t\t\t\t\t<\/div>\n\t\t\t\t<\/div>\n\t\t<div class=\"elementor-element elementor-element-8466a84 e-flex e-con-boxed e-con e-parent\" data-id=\"8466a84\" data-element_type=\"container\">\n\t\t\t\t\t<div class=\"e-con-inner\">\n\t\t<div class=\"elementor-element elementor-element-83de5cd e-con-full e-flex e-con e-child\" data-id=\"83de5cd\" data-element_type=\"container\">\n\t\t\t\t<div class=\"elementor-element elementor-element-e3be6bc elementor-widget elementor-widget-image\" data-id=\"e3be6bc\" data-element_type=\"widget\" data-widget_type=\"image.default\">\n\t\t\t\t\t\t\t\t\t\t\t\t\t\t\t<img decoding=\"async\" width=\"182\" height=\"56\" src=\"https:\/\/etnpro.com\/wp-content\/uploads\/2025\/08\/Tontine.svg\" class=\"attachment-large size-large wp-image-766\" alt=\"\" \/>\t\t\t\t\t\t\t\t\t\t\t\t\t\t\t<\/div>\n\t\t\t\t<div class=\"elementor-element elementor-element-d5e14f6 elementor-widget elementor-widget-tp-heading\" data-id=\"d5e14f6\" data-element_type=\"widget\" data-widget_type=\"tp-heading.default\">\n\t\t\t\t<div class=\"elementor-widget-container\">\n\t\t\t\t\t\r\n\t\t\r\n            <div class=\"section__title\">\r\n\r\n                \r\n                \r\n                                    <p class=\"desc\">ETNPro. Le pouvoir de la communaut\u00e9 entre vos mains.\nT\u00e9l\u00e9chargez l\u2019application et cr\u00e9ez ou rejoignez un groupe de confiance.\nSimple, direct, sans frais cach\u00e9s ni interm\u00e9diaire financier.<\/p>\r\n                \r\n            <\/div>\r\n\r\n        \r\n        \t\t\t\t<\/div>\n\t\t\t\t<\/div>\n\t\t\t\t<\/div>\n\t\t<div class=\"elementor-element elementor-element-4d202cf e-con-full e-flex e-con e-child\" data-id=\"4d202cf\" data-element_type=\"container\">\n\t\t\t\t<div class=\"elementor-element elementor-element-fb92cac elementor-widget elementor-widget-tp-heading\" data-id=\"fb92cac\" data-element_type=\"widget\" data-widget_type=\"tp-heading.default\">\n\t\t\t\t<div class=\"elementor-widget-container\">\n\t\t\t\t\t\r\n\t\t\r\n            <div class=\"section__title\">\r\n\r\n                \r\n                <h2 class=\"title\"><h5>Lien rapide<\/h2>\r\n                                    <p class=\"desc\"><a href=\"https:\/\/etnpro.com\/?page_id=579&amp;lang=fr\">Acceuil<\/a><br>\n<a href=\"https:\/\/etnpro.com\/?page_id=617&amp;lang=fr\">Historique<\/a><br>\n<a href=\"https:\/\/etnpro.com\/?page_id=623&amp;lang=fr\">Comment \u00e7a fonctionne<\/a><br>\n<a href=\"https:\/\/etnpro.com\/?page_id=603&amp;lang=fr\">Devenez revendeur<\/a><br>\n<a href=\"https:\/\/etnpro.com\/?page_id=610&amp;lang=fr\">CGU<\/a><\/p>\r\n                \r\n            <\/div>\r\n\r\n        \r\n        \t\t\t\t<\/div>\n\t\t\t\t<\/div>\n\t\t\t\t<\/div>\n\t\t<div class=\"elementor-element elementor-element-7e9ec79 e-con-full e-flex e-con e-child\" data-id=\"7e9ec79\" data-element_type=\"container\">\n\t\t\t\t<div class=\"elementor-element elementor-element-03c4bb0 elementor-widget elementor-widget-tp-heading\" data-id=\"03c4bb0\" data-element_type=\"widget\" data-widget_type=\"tp-heading.default\">\n\t\t\t\t<div class=\"elementor-widget-container\">\n\t\t\t\t\t\r\n\t\t\r\n            <div class=\"section__title\">\r\n\r\n                \r\n                <h2 class=\"title\"><h5>Coordonn\u00e9es <\/h2>\r\n                \r\n            <\/div>\r\n\r\n        \r\n        \t\t\t\t<\/div>\n\t\t\t\t<\/div>\n\t\t\t\t<div class=\"elementor-element elementor-element-d400575 elementor-widget elementor-widget-tp-heading\" data-id=\"d400575\" data-element_type=\"widget\" data-widget_type=\"tp-heading.default\">\n\t\t\t\t<div class=\"elementor-widget-container\">\n\t\t\t\t\t\r\n\t\t\r\n            <div class=\"section__title\">\r\n\r\n                \r\n                \r\n                                    <p class=\"desc\"><a href=\"mailto:contact@etnprto.ma\">E-mail: contact@etnprto.ma<\/a><br>\n<a href=\"tel:+1 (252) 203-0303\">T\u00e9l\u00e9phone: +1 (252) 203-0303\n<\/a><br>\n<a href=\"tel:+1 (252) 203-0303\">Adresse: NM 87120 US\n<\/a>\n\n<\/p>\r\n                \r\n            <\/div>\r\n\r\n        \r\n        \t\t\t\t<\/div>\n\t\t\t\t<\/div>\n\t\t\t\t<\/div>\n\t\t\t\t\t<\/div>\n\t\t\t\t<\/div>\n\t\t<div class=\"elementor-element elementor-element-190dc45 e-flex e-con-boxed e-con e-parent\" data-id=\"190dc45\" data-element_type=\"container\">\n\t\t\t\t\t<div class=\"e-con-inner\">\n\t\t<div class=\"elementor-element elementor-element-9303716 e-con-full e-flex e-con e-child\" data-id=\"9303716\" data-element_type=\"container\">\n\t\t\t\t<div class=\"elementor-element elementor-element-5d3791a elementor-widget elementor-widget-tp-heading\" data-id=\"5d3791a\" data-element_type=\"widget\" data-widget_type=\"tp-heading.default\">\n\t\t\t\t<div class=\"elementor-widget-container\">\n\t\t\t\t\t\r\n\t\t\r\n            <div class=\"section__title\">\r\n\r\n                \r\n                \r\n                                    <p class=\"desc\"><p>Copyright \u00a9 2025 etnpro. Tous droits r\u00e9serv\u00e9s. Version&nbsp;: 1.6.3<\/p><\/p>\r\n                \r\n            <\/div>\r\n\r\n        \r\n        \t\t\t\t<\/div>\n\t\t\t\t<\/div>\n\t\t\t\t<\/div>\n\t\t<div class=\"elementor-element elementor-element-8ce2948 e-con-full e-flex e-con e-child\" data-id=\"8ce2948\" data-element_type=\"container\">\n\t\t\t\t<div class=\"elementor-element elementor-element-5a10f51 elementor-widget elementor-widget-tp-heading\" data-id=\"5a10f51\" data-element_type=\"widget\" data-widget_type=\"tp-heading.default\">\n\t\t\t\t<div class=\"elementor-widget-container\">\n\t\t\t\t\t\r\n\t\t\r\n            <div class=\"section__title\">\r\n\r\n                \r\n                \r\n                                    <p class=\"desc\"><a href=\"https:\/\/etnpro.com\/?page_id=986&amp;lang=fr\">Politique de Confidentialit\u00e9\n<\/a><\/p>\r\n                \r\n            <\/div>\r\n\r\n        \r\n        \t\t\t\t<\/div>\n\t\t\t\t<\/div>\n\t\t\t\t<\/div>\n\t\t\t\t\t<\/div>\n\t\t\t\t<\/div>\n\t\t\t\t<\/div>\n\t\t","protected":false},"excerpt":{"rendered":"<p>Devenez partenaire ETNPro Vous \u00eates commer\u00e7ant, entrepreneur ou simplement motiv\u00e9 ? Rejoignez notre r\u00e9seau de partenaires et proposez \u00e0 votre communaut\u00e9 un acc\u00e8s facilit\u00e9 \u00e0 ETNPro. En tant que partenaire, vous accompagnez de nouveaux utilisateurs dans leur inscription et leur utilisation de l\u2019application. Pour chaque activation r\u00e9ussie via votre lien ou code partenaire, vous b\u00e9n\u00e9ficiez [&hellip;]<\/p>\n","protected":false},"author":1,"featured_media":0,"parent":0,"menu_order":0,"comment_status":"closed","ping_status":"closed","template":"","meta":{"_acf_changed":false,"footnotes":""},"class_list":["post-603","page","type-page","status-publish","hentry"],"acf":[],"_links":{"self":[{"href":"https:\/\/etnpro.com\/index.php?rest_route=\/wp\/v2\/pages\/603","targetHints":{"allow":["GET"]}}],"collection":[{"href":"https:\/\/etnpro.com\/index.php?rest_route=\/wp\/v2\/pages"}],"about":[{"href":"https:\/\/etnpro.com\/index.php?rest_route=\/wp\/v2\/types\/page"}],"author":[{"embeddable":true,"href":"https:\/\/etnpro.com\/index.php?rest_route=\/wp\/v2\/users\/1"}],"replies":[{"embeddable":true,"href":"https:\/\/etnpro.com\/index.php?rest_route=%2Fwp%2Fv2%2Fcomments&post=603"}],"version-history":[{"count":17,"href":"https:\/\/etnpro.com\/index.php?rest_route=\/wp\/v2\/pages\/603\/revisions"}],"predecessor-version":[{"id":1050,"href":"https:\/\/etnpro.com\/index.php?rest_route=\/wp\/v2\/pages\/603\/revisions\/1050"}],"wp:attachment":[{"href":"https:\/\/etnpro.com\/index.php?rest_route=%2Fwp%2Fv2%2Fmedia&parent=603"}],"curies":[{"name":"wp","href":"https:\/\/api.w.org\/{rel}","templated":true}]}}