{"id":623,"date":"2025-07-30T17:12:21","date_gmt":"2025-07-30T17:12:21","guid":{"rendered":"https:\/\/etnpro.com\/?page_id=623"},"modified":"2025-08-04T14:28:52","modified_gmt":"2025-08-04T14:28:52","slug":"comment-ca-fonctionne","status":"publish","type":"page","link":"https:\/\/etnpro.com\/?page_id=623&lang=fr","title":{"rendered":"Comment \u00e7a fonctionne"},"content":{"rendered":"\t\t<div data-elementor-type=\"wp-page\" data-elementor-id=\"623\" class=\"elementor elementor-623\">\n\t\t\t\t<div class=\"elementor-element elementor-element-6b81c14 e-flex e-con-boxed e-con e-parent\" data-id=\"6b81c14\" data-element_type=\"container\">\n\t\t\t\t\t<div class=\"e-con-inner\">\n\t\t\t\t<div class=\"elementor-element elementor-element-f62586d elementor-widget elementor-widget-roadmap\" data-id=\"f62586d\" data-element_type=\"widget\" data-widget_type=\"roadmap.default\">\n\t\t\t\t<div class=\"elementor-widget-container\">\n\t\t\t\t\t\r\n        \r\n            <!-- roadmap-area -->\r\n            <section class=\"roadmap-area roadmap-style-three\">\r\n                <div class=\"container\">\r\n                                        <div class=\"row justify-content-center\" data-anime=\"opacity:[0, 1]; translateY:[24, 0]; onview: true; delay: 100;\">\r\n                        <div class=\"col-xl-8 col-lg-10\">\r\n                            <div class=\"section__title text-center title-mb-80\">\r\n                                \r\n                                                            <\/div>\r\n                        <\/div>\r\n                    <\/div>\r\n                    \r\n                    <div class=\"roadmap__wrapper-three\" data-anime=\"targets: > * > * > *; opacity:[0, 1]; translateY:[24, 0]; onview: true; delay: anime.stagger(100);\">\r\n                        <div class=\"row justify-content-center\">\r\n                                                        <div class=\"col-lg-4 col-md-6 col-sm-9\">\r\n                                <div class=\"roadmap__card style-three\">\r\n\r\n                                                                        <div class=\"roadmap__percent\">\r\n                                        <span>1<\/span>                                    <\/div>\r\n                                    \r\n                                    \r\n                                                                        <h3 class=\"roadmap__heading\">Inscription<\/h3>\r\n                                    \r\n                                                                        <p>Cr\u00e9ez votre compte en quelques secondes.\n<\/p>\r\n                                    \r\n                                    \r\n                                <\/div>\r\n                            <\/div>\r\n                                                        <div class=\"col-lg-4 col-md-6 col-sm-9\">\r\n                                <div class=\"roadmap__card style-three\">\r\n\r\n                                                                        <div class=\"roadmap__percent\">\r\n                                        <span>2<\/span>                                    <\/div>\r\n                                    \r\n                                    \r\n                                                                        <h3 class=\"roadmap__heading\">Cr\u00e9ez votre cercle<\/h3>\r\n                                    \r\n                                                                        <p>Invitez vos amis ou proches \u00e0 rejoindre votre groupe d\u2019entraide.\n<\/p>\r\n                                    \r\n                                    \r\n                                <\/div>\r\n                            <\/div>\r\n                                                        <div class=\"col-lg-4 col-md-6 col-sm-9\">\r\n                                <div class=\"roadmap__card style-three\">\r\n\r\n                                                                        <div class=\"roadmap__percent\">\r\n                                        <span>3<\/span>                                    <\/div>\r\n                                    \r\n                                    \r\n                                                                        <h3 class=\"roadmap__heading\">Commencez !<\/h3>\r\n                                    \r\n                                                                        <p>Participez aux cycles et, \u00e0 votre tour, acc\u00e9dez \u00e0 la cagnotte collective pour concr\u00e9tiser votre projet.\n<\/p>\r\n                                    \r\n                                    \r\n                                <\/div>\r\n                            <\/div>\r\n                                                    <\/div>\r\n                    <\/div>\r\n                <\/div>\r\n            <\/section>\r\n            <!-- roadmap-area-end -->\r\n\r\n        \r\n    \t\t\t\t<\/div>\n\t\t\t\t<\/div>\n\t\t\t\t\t<\/div>\n\t\t\t\t<\/div>\n\t\t<div class=\"elementor-element elementor-element-869a9df e-flex e-con-boxed e-con e-parent\" data-id=\"869a9df\" data-element_type=\"container\">\n\t\t\t\t\t<div class=\"e-con-inner\">\n\t\t\t\t<div class=\"elementor-element elementor-element-1ebcb02 elementor-widget elementor-widget-features\" data-id=\"1ebcb02\" data-element_type=\"widget\" data-widget_type=\"features.default\">\n\t\t\t\t<div class=\"elementor-widget-container\">\n\t\t\t\t\t\r\n        \r\n            <!-- mint-area -->\r\n            <section class=\"mint-area\">\r\n                <div class=\"container\">\r\n\r\n                                        <div class=\"row justify-content-center\" data-anime=\"opacity:[0, 1]; translateY:[24, 0]; onview: true; delay: 200;\">\r\n                        <div class=\"col-xl-8 col-lg-10\">\r\n                            <div class=\"section__title text-center title-mb-80\">\r\n\r\n                                \r\n                                \r\n                            <\/div>\r\n                        <\/div>\r\n                    <\/div>\r\n                    \r\n                    <div class=\"mint__lits-wrapper\" data-anime=\"targets: > *; opacity:[0, 1]; translateY:[24, 0]; onview: true; delay: 300;\">\r\n\r\n                        \r\n                                                        <img decoding=\"async\" class=\"shape\" width=\"16\" src=\"https:\/\/etnpro.com\/wp-content\/uploads\/2025\/07\/circle-01.png\" alt=\"\" style=\"top: -16%; left: 8%\">\r\n                            \r\n                                                        <img decoding=\"async\" class=\"shape\" width=\"28\" src=\"https:\/\/etnpro.com\/wp-content\/uploads\/2025\/07\/circle-02.png\" alt=\"\" style=\"bottom: 16%; left: -8%\">\r\n                            \r\n                                                        <img decoding=\"async\" class=\"shape\" width=\"24\" src=\"https:\/\/etnpro.com\/wp-content\/uploads\/2025\/07\/x.png\" alt=\"\" style=\"bottom: 16%; right: -8%\">\r\n                            \r\n\r\n                        \r\n                        <div class=\"row justify-content-center\" data-anime=\"opacity:[0, 1]; translateY:[24, 0]; onview: -250; delay: anime.stagger(100);\">\r\n                                                        <div class=\"col-md-6 col-sm-9\">\r\n                                <div class=\"mint__item\">\r\n\r\n                                                                        <div class=\"mint__icon\">\r\n                                        <img decoding=\"async\" class=\"light\" src=\"https:\/\/etnpro.com\/wp-content\/uploads\/2025\/07\/mint-02.png\" alt=\"\">\r\n                                    <\/div>\r\n                                    \r\n                                    <div class=\"mint__content\">\r\n\r\n                                                                                    <h2 class=\"title\">Communaut\u00e9<\/h2>\r\n                                        \r\n                                                                                    <p class=\"desc\">ETNPro vous aide \u00e0 organiser votre cercle de mani\u00e8re autonome avec des outils clairs de planification et de suivi.\n<\/p>\r\n                                        \r\n                                    <\/div>\r\n                                <\/div>\r\n                            <\/div>\r\n                                                        <div class=\"col-md-6 col-sm-9\">\r\n                                <div class=\"mint__item\">\r\n\r\n                                                                        <div class=\"mint__icon\">\r\n                                        <img decoding=\"async\" class=\"light\" src=\"https:\/\/etnpro.com\/wp-content\/uploads\/2025\/07\/mint-02.png\" alt=\"\">\r\n                                    <\/div>\r\n                                    \r\n                                    <div class=\"mint__content\">\r\n\r\n                                                                                    <h2 class=\"title\">Transparence<\/h2>\r\n                                        \r\n                                                                                    <p class=\"desc\">Aucune surprise. Chaque membre conna\u00eet les r\u00e8gles et les conditions d\u2019acc\u00e8s d\u00e8s le d\u00e9part. La plateforme ne pr\u00e9l\u00e8ve aucune somme, elle met uniquement en relation.\n\n<\/p>\r\n                                        \r\n                                    <\/div>\r\n                                <\/div>\r\n                            <\/div>\r\n                                                        <div class=\"col-md-6 col-sm-9\">\r\n                                <div class=\"mint__item\">\r\n\r\n                                                                        <div class=\"mint__icon\">\r\n                                        <img decoding=\"async\" class=\"light\" src=\"https:\/\/etnpro.com\/wp-content\/uploads\/2025\/07\/mint-03.png\" alt=\"\">\r\n                                    <\/div>\r\n                                    \r\n                                    <div class=\"mint__content\">\r\n\r\n                                                                                    <h2 class=\"title\">Un cercle s\u00e9curis\u00e9<\/h2>\r\n                                        \r\n                                                                                    <p class=\"desc\">Les \u00e9changes sont organis\u00e9s entre membres valid\u00e9s. Vous d\u00e9finissez les r\u00e8gles, les r\u00f4les et les priorit\u00e9s selon votre cercle.<\/p>\r\n                                        \r\n                                    <\/div>\r\n                                <\/div>\r\n                            <\/div>\r\n                                                    <\/div>\r\n                    <\/div>\r\n                <\/div>\r\n            <\/section>\r\n            <!-- mint-area-end -->\r\n\r\n        \r\n    \t\t\t\t<\/div>\n\t\t\t\t<\/div>\n\t\t\t\t\t<\/div>\n\t\t\t\t<\/div>\n\t\t<div class=\"elementor-element elementor-element-aefa615 e-flex e-con-boxed e-con e-parent\" data-id=\"aefa615\" data-element_type=\"container\">\n\t\t\t\t\t<div class=\"e-con-inner\">\n\t\t<div class=\"elementor-element elementor-element-e67b6ee e-con-full e-flex e-con e-child\" data-id=\"e67b6ee\" data-element_type=\"container\">\n\t\t\t\t<div class=\"elementor-element elementor-element-4782261 elementor-widget elementor-widget-image\" data-id=\"4782261\" data-element_type=\"widget\" data-widget_type=\"image.default\">\n\t\t\t\t\t\t\t\t\t\t\t\t\t\t\t<img decoding=\"async\" width=\"182\" height=\"56\" src=\"https:\/\/etnpro.com\/wp-content\/uploads\/2025\/08\/Tontine.svg\" class=\"attachment-large size-large wp-image-766\" alt=\"\" \/>\t\t\t\t\t\t\t\t\t\t\t\t\t\t\t<\/div>\n\t\t\t\t<div class=\"elementor-element elementor-element-7ff1edb elementor-widget elementor-widget-tp-heading\" data-id=\"7ff1edb\" data-element_type=\"widget\" data-widget_type=\"tp-heading.default\">\n\t\t\t\t<div class=\"elementor-widget-container\">\n\t\t\t\t\t\r\n\t\t\r\n            <div class=\"section__title\">\r\n\r\n                \r\n                \r\n                                    <p class=\"desc\">ETNPro. Le pouvoir de la communaut\u00e9 entre vos mains.\nT\u00e9l\u00e9chargez l\u2019application et cr\u00e9ez ou rejoignez un groupe de confiance.\nSimple, direct, sans frais cach\u00e9s ni interm\u00e9diaire financier.<\/p>\r\n                \r\n            <\/div>\r\n\r\n        \r\n        \t\t\t\t<\/div>\n\t\t\t\t<\/div>\n\t\t\t\t<\/div>\n\t\t<div class=\"elementor-element elementor-element-9cc0f34 e-con-full e-flex e-con e-child\" data-id=\"9cc0f34\" data-element_type=\"container\">\n\t\t\t\t<div class=\"elementor-element elementor-element-9b0ff2f elementor-widget elementor-widget-tp-heading\" data-id=\"9b0ff2f\" data-element_type=\"widget\" data-widget_type=\"tp-heading.default\">\n\t\t\t\t<div class=\"elementor-widget-container\">\n\t\t\t\t\t\r\n\t\t\r\n            <div class=\"section__title\">\r\n\r\n                \r\n                <h2 class=\"title\"><h5>Lien rapide<\/h2>\r\n                                    <p class=\"desc\"><a href=\"https:\/\/etnpro.com\/?page_id=579&amp;lang=fr\">Acceuil<\/a><br>\n<a href=\"https:\/\/etnpro.com\/?page_id=617&amp;lang=fr\">Historique<\/a><br>\n<a href=\"https:\/\/etnpro.com\/?page_id=623&amp;lang=fr\">Comment \u00e7a fonctionne<\/a><br>\n<a href=\"https:\/\/etnpro.com\/?page_id=603&amp;lang=fr\">Devenez revendeur<\/a><br>\n<a href=\"https:\/\/etnpro.com\/?page_id=610&amp;lang=fr\">CGU<\/a><\/p>\r\n                \r\n            <\/div>\r\n\r\n        \r\n        \t\t\t\t<\/div>\n\t\t\t\t<\/div>\n\t\t\t\t<\/div>\n\t\t<div class=\"elementor-element elementor-element-a427db4 e-con-full e-flex e-con e-child\" data-id=\"a427db4\" data-element_type=\"container\">\n\t\t\t\t<div class=\"elementor-element elementor-element-9b47cb4 elementor-widget elementor-widget-tp-heading\" data-id=\"9b47cb4\" data-element_type=\"widget\" data-widget_type=\"tp-heading.default\">\n\t\t\t\t<div class=\"elementor-widget-container\">\n\t\t\t\t\t\r\n\t\t\r\n            <div class=\"section__title\">\r\n\r\n                \r\n                <h2 class=\"title\"><h5>Coordonn\u00e9es <\/h2>\r\n                \r\n            <\/div>\r\n\r\n        \r\n        \t\t\t\t<\/div>\n\t\t\t\t<\/div>\n\t\t\t\t<div class=\"elementor-element elementor-element-42fbf4f elementor-widget elementor-widget-tp-heading\" data-id=\"42fbf4f\" data-element_type=\"widget\" data-widget_type=\"tp-heading.default\">\n\t\t\t\t<div class=\"elementor-widget-container\">\n\t\t\t\t\t\r\n\t\t\r\n            <div class=\"section__title\">\r\n\r\n                \r\n                \r\n                                    <p class=\"desc\"><a href=\"mailto:contact@etnprto.ma\">E-mail: contact@etnprto.ma<\/a><br>\n<a href=\"tel:+1 (252) 203-0303\">T\u00e9l\u00e9phone: +1 (252) 203-0303\n<\/a><br>\n<a href=\"tel:+1 (252) 203-0303\">Adresse: NM 87120 US\n<\/a>\n\n<\/p>\r\n                \r\n            <\/div>\r\n\r\n        \r\n        \t\t\t\t<\/div>\n\t\t\t\t<\/div>\n\t\t\t\t<\/div>\n\t\t\t\t\t<\/div>\n\t\t\t\t<\/div>\n\t\t<div class=\"elementor-element elementor-element-a6b28bd e-flex e-con-boxed e-con e-parent\" data-id=\"a6b28bd\" data-element_type=\"container\">\n\t\t\t\t\t<div class=\"e-con-inner\">\n\t\t<div class=\"elementor-element elementor-element-54384d9 e-con-full e-flex e-con e-child\" data-id=\"54384d9\" data-element_type=\"container\">\n\t\t\t\t<div class=\"elementor-element elementor-element-06f129e elementor-widget elementor-widget-tp-heading\" data-id=\"06f129e\" data-element_type=\"widget\" data-widget_type=\"tp-heading.default\">\n\t\t\t\t<div class=\"elementor-widget-container\">\n\t\t\t\t\t\r\n\t\t\r\n            <div class=\"section__title\">\r\n\r\n                \r\n                \r\n                                    <p class=\"desc\"><p>Copyright \u00a9 2025 etnpro. Tous droits r\u00e9serv\u00e9s. Version&nbsp;: 1.6.3<\/p><\/p>\r\n                \r\n            <\/div>\r\n\r\n        \r\n        \t\t\t\t<\/div>\n\t\t\t\t<\/div>\n\t\t\t\t<\/div>\n\t\t<div class=\"elementor-element elementor-element-6926427 e-con-full e-flex e-con e-child\" data-id=\"6926427\" data-element_type=\"container\">\n\t\t\t\t<div class=\"elementor-element elementor-element-6880d60 elementor-widget elementor-widget-tp-heading\" data-id=\"6880d60\" data-element_type=\"widget\" data-widget_type=\"tp-heading.default\">\n\t\t\t\t<div class=\"elementor-widget-container\">\n\t\t\t\t\t\r\n\t\t\r\n            <div class=\"section__title\">\r\n\r\n                \r\n                \r\n                                    <p class=\"desc\"><a href=\"https:\/\/etnpro.com\/?page_id=986&amp;lang=fr\">Politique de Confidentialit\u00e9\n<\/a><\/p>\r\n                \r\n            <\/div>\r\n\r\n        \r\n        \t\t\t\t<\/div>\n\t\t\t\t<\/div>\n\t\t\t\t<\/div>\n\t\t\t\t\t<\/div>\n\t\t\t\t<\/div>\n\t\t\t\t<\/div>\n\t\t","protected":false},"excerpt":{"rendered":"<p>* > * > *; opacity:[0, 1]; translateY:[24, 0]; onview: true; delay: anime.stagger(100);\u00a0\u00bb> 1 Inscription Cr\u00e9ez votre compte en quelques secondes. 2 Cr\u00e9ez votre cercle Invitez vos amis ou proches \u00e0 rejoindre votre groupe d\u2019entraide. 3 Commencez ! Participez aux cycles et, \u00e0 votre tour, acc\u00e9dez \u00e0 la cagnotte collective pour concr\u00e9tiser votre projet. *; [&hellip;]<\/p>\n","protected":false},"author":1,"featured_media":0,"parent":0,"menu_order":0,"comment_status":"closed","ping_status":"closed","template":"","meta":{"_acf_changed":false,"footnotes":""},"class_list":["post-623","page","type-page","status-publish","hentry"],"acf":[],"_links":{"self":[{"href":"https:\/\/etnpro.com\/index.php?rest_route=\/wp\/v2\/pages\/623","targetHints":{"allow":["GET"]}}],"collection":[{"href":"https:\/\/etnpro.com\/index.php?rest_route=\/wp\/v2\/pages"}],"about":[{"href":"https:\/\/etnpro.com\/index.php?rest_route=\/wp\/v2\/types\/page"}],"author":[{"embeddable":true,"href":"https:\/\/etnpro.com\/index.php?rest_route=\/wp\/v2\/users\/1"}],"replies":[{"embeddable":true,"href":"https:\/\/etnpro.com\/index.php?rest_route=%2Fwp%2Fv2%2Fcomments&post=623"}],"version-history":[{"count":11,"href":"https:\/\/etnpro.com\/index.php?rest_route=\/wp\/v2\/pages\/623\/revisions"}],"predecessor-version":[{"id":1047,"href":"https:\/\/etnpro.com\/index.php?rest_route=\/wp\/v2\/pages\/623\/revisions\/1047"}],"wp:attachment":[{"href":"https:\/\/etnpro.com\/index.php?rest_route=%2Fwp%2Fv2%2Fmedia&parent=623"}],"curies":[{"name":"wp","href":"https:\/\/api.w.org\/{rel}","templated":true}]}}