{"id":653,"date":"2025-07-31T18:16:33","date_gmt":"2025-07-31T18:16:33","guid":{"rendered":"https:\/\/etnpro.com\/?page_id=653"},"modified":"2025-08-04T14:33:00","modified_gmt":"2025-08-04T14:33:00","slug":"como-funciona","status":"publish","type":"page","link":"https:\/\/etnpro.com\/?page_id=653&lang=es","title":{"rendered":"\u00bfC\u00f3mo funciona?"},"content":{"rendered":"\t\t<div data-elementor-type=\"wp-page\" data-elementor-id=\"653\" class=\"elementor elementor-653\">\n\t\t\t\t<div class=\"elementor-element elementor-element-6b81c14 e-flex e-con-boxed e-con e-parent\" data-id=\"6b81c14\" data-element_type=\"container\">\n\t\t\t\t\t<div class=\"e-con-inner\">\n\t\t\t\t<div class=\"elementor-element elementor-element-f62586d elementor-widget elementor-widget-roadmap\" data-id=\"f62586d\" data-element_type=\"widget\" data-widget_type=\"roadmap.default\">\n\t\t\t\t<div class=\"elementor-widget-container\">\n\t\t\t\t\t\r\n        \r\n            <!-- roadmap-area -->\r\n            <section class=\"roadmap-area roadmap-style-three\">\r\n                <div class=\"container\">\r\n                                        <div class=\"row justify-content-center\" data-anime=\"opacity:[0, 1]; translateY:[24, 0]; onview: true; delay: 100;\">\r\n                        <div class=\"col-xl-8 col-lg-10\">\r\n                            <div class=\"section__title text-center title-mb-80\">\r\n                                \r\n                                                            <\/div>\r\n                        <\/div>\r\n                    <\/div>\r\n                    \r\n                    <div class=\"roadmap__wrapper-three\" data-anime=\"targets: > * > * > *; opacity:[0, 1]; translateY:[24, 0]; onview: true; delay: anime.stagger(100);\">\r\n                        <div class=\"row justify-content-center\">\r\n                                                        <div class=\"col-lg-4 col-md-6 col-sm-9\">\r\n                                <div class=\"roadmap__card style-three\">\r\n\r\n                                                                        <div class=\"roadmap__percent\">\r\n                                        <span>1<\/span>                                    <\/div>\r\n                                    \r\n                                    \r\n                                                                        <h3 class=\"roadmap__heading\">Registro<\/h3>\r\n                                    \r\n                                                                        <p>Crea tu cuenta en pocos segundos.\n<\/p>\r\n                                    \r\n                                    \r\n                                <\/div>\r\n                            <\/div>\r\n                                                        <div class=\"col-lg-4 col-md-6 col-sm-9\">\r\n                                <div class=\"roadmap__card style-three\">\r\n\r\n                                                                        <div class=\"roadmap__percent\">\r\n                                        <span>2<\/span>                                    <\/div>\r\n                                    \r\n                                    \r\n                                                                        <h3 class=\"roadmap__heading\">Crea tu c\u00edrculo<\/h3>\r\n                                    \r\n                                                                        <p>Invita a tus amigos o personas cercanas a unirse a tu grupo de ayuda mutua.\n<\/p>\r\n                                    \r\n                                    \r\n                                <\/div>\r\n                            <\/div>\r\n                                                        <div class=\"col-lg-4 col-md-6 col-sm-9\">\r\n                                <div class=\"roadmap__card style-three\">\r\n\r\n                                                                        <div class=\"roadmap__percent\">\r\n                                        <span>3<\/span>                                    <\/div>\r\n                                    \r\n                                    \r\n                                                                        <h3 class=\"roadmap__heading\">\u00a1Empieza!<\/h3>\r\n                                    \r\n                                                                        <p>Participa en los ciclos y, cuando te toque, accede al fondo com\u00fan para hacer realidad tu proyecto.\n<\/p>\r\n                                    \r\n                                    \r\n                                <\/div>\r\n                            <\/div>\r\n                                                    <\/div>\r\n                    <\/div>\r\n                <\/div>\r\n            <\/section>\r\n            <!-- roadmap-area-end -->\r\n\r\n        \r\n    \t\t\t\t<\/div>\n\t\t\t\t<\/div>\n\t\t\t\t\t<\/div>\n\t\t\t\t<\/div>\n\t\t<div class=\"elementor-element elementor-element-869a9df e-flex e-con-boxed e-con e-parent\" data-id=\"869a9df\" data-element_type=\"container\">\n\t\t\t\t\t<div class=\"e-con-inner\">\n\t\t\t\t<div class=\"elementor-element elementor-element-1ebcb02 elementor-widget elementor-widget-features\" data-id=\"1ebcb02\" data-element_type=\"widget\" data-widget_type=\"features.default\">\n\t\t\t\t<div class=\"elementor-widget-container\">\n\t\t\t\t\t\r\n        \r\n            <!-- mint-area -->\r\n            <section class=\"mint-area\">\r\n                <div class=\"container\">\r\n\r\n                                        <div class=\"row justify-content-center\" data-anime=\"opacity:[0, 1]; translateY:[24, 0]; onview: true; delay: 200;\">\r\n                        <div class=\"col-xl-8 col-lg-10\">\r\n                            <div class=\"section__title text-center title-mb-80\">\r\n\r\n                                \r\n                                \r\n                            <\/div>\r\n                        <\/div>\r\n                    <\/div>\r\n                    \r\n                    <div class=\"mint__lits-wrapper\" data-anime=\"targets: > *; opacity:[0, 1]; translateY:[24, 0]; onview: true; delay: 300;\">\r\n\r\n                        \r\n                                                        <img decoding=\"async\" class=\"shape\" width=\"16\" src=\"https:\/\/etnpro.com\/wp-content\/uploads\/2025\/07\/circle-01.png\" alt=\"\" style=\"top: -16%; left: 8%\">\r\n                            \r\n                                                        <img decoding=\"async\" class=\"shape\" width=\"28\" src=\"https:\/\/etnpro.com\/wp-content\/uploads\/2025\/07\/circle-02.png\" alt=\"\" style=\"bottom: 16%; left: -8%\">\r\n                            \r\n                                                        <img decoding=\"async\" class=\"shape\" width=\"24\" src=\"https:\/\/etnpro.com\/wp-content\/uploads\/2025\/07\/x.png\" alt=\"\" style=\"bottom: 16%; right: -8%\">\r\n                            \r\n\r\n                        \r\n                        <div class=\"row justify-content-center\" data-anime=\"opacity:[0, 1]; translateY:[24, 0]; onview: -250; delay: anime.stagger(100);\">\r\n                                                        <div class=\"col-md-6 col-sm-9\">\r\n                                <div class=\"mint__item\">\r\n\r\n                                                                        <div class=\"mint__icon\">\r\n                                        <img decoding=\"async\" class=\"light\" src=\"https:\/\/etnpro.com\/wp-content\/uploads\/2025\/07\/mint-02.png\" alt=\"\">\r\n                                    <\/div>\r\n                                    \r\n                                    <div class=\"mint__content\">\r\n\r\n                                                                                    <h2 class=\"title\">Comunidad<\/h2>\r\n                                        \r\n                                                                                    <p class=\"desc\">ETNPro te ayuda a organizar tu c\u00edrculo de manera aut\u00f3noma con herramientas claras de planificaci\u00f3n y seguimiento.\n<\/p>\r\n                                        \r\n                                    <\/div>\r\n                                <\/div>\r\n                            <\/div>\r\n                                                        <div class=\"col-md-6 col-sm-9\">\r\n                                <div class=\"mint__item\">\r\n\r\n                                                                        <div class=\"mint__icon\">\r\n                                        <img decoding=\"async\" class=\"light\" src=\"https:\/\/etnpro.com\/wp-content\/uploads\/2025\/07\/mint-02.png\" alt=\"\">\r\n                                    <\/div>\r\n                                    \r\n                                    <div class=\"mint__content\">\r\n\r\n                                                                                    <h2 class=\"title\">Transparencia<\/h2>\r\n                                        \r\n                                                                                    <p class=\"desc\">Sin sorpresas. Cada miembro conoce las reglas y las condiciones de acceso desde el principio. La plataforma no cobra ninguna suma, solo facilita la conexi\u00f3n entre personas.\n<\/p>\r\n                                        \r\n                                    <\/div>\r\n                                <\/div>\r\n                            <\/div>\r\n                                                        <div class=\"col-md-6 col-sm-9\">\r\n                                <div class=\"mint__item\">\r\n\r\n                                                                        <div class=\"mint__icon\">\r\n                                        <img decoding=\"async\" class=\"light\" src=\"https:\/\/etnpro.com\/wp-content\/uploads\/2025\/07\/mint-03.png\" alt=\"\">\r\n                                    <\/div>\r\n                                    \r\n                                    <div class=\"mint__content\">\r\n\r\n                                                                                    <h2 class=\"title\">Un c\u00edrculo seguro<\/h2>\r\n                                        \r\n                                                                                    <p class=\"desc\">Los intercambios se organizan entre miembros validados. Ustedes definen las reglas, los roles y las prioridades seg\u00fan su c\u00edrculo.\n<\/p>\r\n                                        \r\n                                    <\/div>\r\n                                <\/div>\r\n                            <\/div>\r\n                                                    <\/div>\r\n                    <\/div>\r\n                <\/div>\r\n            <\/section>\r\n            <!-- mint-area-end -->\r\n\r\n        \r\n    \t\t\t\t<\/div>\n\t\t\t\t<\/div>\n\t\t\t\t\t<\/div>\n\t\t\t\t<\/div>\n\t\t<div class=\"elementor-element elementor-element-e568192 e-flex e-con-boxed e-con e-parent\" data-id=\"e568192\" data-element_type=\"container\">\n\t\t\t\t\t<div class=\"e-con-inner\">\n\t\t<div class=\"elementor-element elementor-element-19d91f4 e-con-full e-flex e-con e-child\" data-id=\"19d91f4\" data-element_type=\"container\">\n\t\t\t\t<div class=\"elementor-element elementor-element-2da73fa elementor-widget elementor-widget-image\" data-id=\"2da73fa\" data-element_type=\"widget\" data-widget_type=\"image.default\">\n\t\t\t\t\t\t\t\t\t\t\t\t\t\t\t<img decoding=\"async\" width=\"182\" height=\"56\" src=\"https:\/\/etnpro.com\/wp-content\/uploads\/2025\/08\/Tontine.svg\" class=\"attachment-large size-large wp-image-766\" alt=\"\" \/>\t\t\t\t\t\t\t\t\t\t\t\t\t\t\t<\/div>\n\t\t\t\t<div class=\"elementor-element elementor-element-413082e elementor-widget elementor-widget-tp-heading\" data-id=\"413082e\" data-element_type=\"widget\" data-widget_type=\"tp-heading.default\">\n\t\t\t\t<div class=\"elementor-widget-container\">\n\t\t\t\t\t\r\n\t\t\r\n            <div class=\"section__title\">\r\n\r\n                \r\n                \r\n                                    <p class=\"desc\">ETNPro. El poder de la comunidad en tus manos.  \nDescarga la aplicaci\u00f3n y crea o \u00fanete a un grupo de confianza.  \nSimple, directo, sin costos ocultos ni intermediarios financieros.<\/p>\r\n                \r\n            <\/div>\r\n\r\n        \r\n        \t\t\t\t<\/div>\n\t\t\t\t<\/div>\n\t\t\t\t<\/div>\n\t\t<div class=\"elementor-element elementor-element-7c55a02 e-con-full e-flex e-con e-child\" data-id=\"7c55a02\" data-element_type=\"container\">\n\t\t\t\t<div class=\"elementor-element elementor-element-5ee282c elementor-widget elementor-widget-tp-heading\" data-id=\"5ee282c\" data-element_type=\"widget\" data-widget_type=\"tp-heading.default\">\n\t\t\t\t<div class=\"elementor-widget-container\">\n\t\t\t\t\t\r\n\t\t\r\n            <div class=\"section__title\">\r\n\r\n                \r\n                <h2 class=\"title\"><h5>Enlace r\u00e1pido<\/h2>\r\n                                    <p class=\"desc\"><a href=\"https:\/\/etnpro.com\/?page_id=639&amp;lang=es\">Inicio<\/a><br>\n<a href=\"https:\/\/etnpro.com\/?page_id=647&amp;lang=es\">Historial<\/a><br>\n<a href=\"https:\/\/etnpro.com\/?page_id=653&amp;lang=es\">\u00bfC\u00f3mo funciona?<\/a><br>\n<a href=\"https:\/\/etnpro.com\/?page_id=663&amp;lang=es\">Convi\u00e9rtete en distribuidor<\/a><br>\n<a href=\"https:\/\/etnpro.com\/?page_id=658&amp;lang=es\">T&amp;C<\/a><\/p>\r\n                \r\n            <\/div>\r\n\r\n        \r\n        \t\t\t\t<\/div>\n\t\t\t\t<\/div>\n\t\t\t\t<\/div>\n\t\t<div class=\"elementor-element elementor-element-47499cc e-con-full e-flex e-con e-child\" data-id=\"47499cc\" data-element_type=\"container\">\n\t\t\t\t<div class=\"elementor-element elementor-element-440142b elementor-widget elementor-widget-tp-heading\" data-id=\"440142b\" data-element_type=\"widget\" data-widget_type=\"tp-heading.default\">\n\t\t\t\t<div class=\"elementor-widget-container\">\n\t\t\t\t\t\r\n\t\t\r\n            <div class=\"section__title\">\r\n\r\n                \r\n                <h2 class=\"title\"><h5> Informaci\u00f3n de contacto<\/h2>\r\n                \r\n            <\/div>\r\n\r\n        \r\n        \t\t\t\t<\/div>\n\t\t\t\t<\/div>\n\t\t\t\t<div class=\"elementor-element elementor-element-fb8279f elementor-widget elementor-widget-tp-heading\" data-id=\"fb8279f\" data-element_type=\"widget\" data-widget_type=\"tp-heading.default\">\n\t\t\t\t<div class=\"elementor-widget-container\">\n\t\t\t\t\t\r\n\t\t\r\n            <div class=\"section__title\">\r\n\r\n                \r\n                \r\n                                    <p class=\"desc\"><a href=\"mailto:contact@etnprto.ma\">Email: contact@etnprto.ma<\/a><br>\n<a href=\"tel:+1 (252) 203-0303\">Tel\u00e9fono: +1 (252) 203-0303\n<\/a><br>\n<a href=\"tel:+1 (252) 203-0303\">Direcci\u00f3n: NM 87120 US\n<\/a>\n\n<\/p>\r\n                \r\n            <\/div>\r\n\r\n        \r\n        \t\t\t\t<\/div>\n\t\t\t\t<\/div>\n\t\t\t\t<\/div>\n\t\t\t\t\t<\/div>\n\t\t\t\t<\/div>\n\t\t<div class=\"elementor-element elementor-element-c122672 e-flex e-con-boxed e-con e-parent\" data-id=\"c122672\" data-element_type=\"container\">\n\t\t\t\t\t<div class=\"e-con-inner\">\n\t\t<div class=\"elementor-element elementor-element-254e0af e-con-full e-flex e-con e-child\" data-id=\"254e0af\" data-element_type=\"container\">\n\t\t\t\t<div class=\"elementor-element elementor-element-de98027 elementor-widget elementor-widget-tp-heading\" data-id=\"de98027\" data-element_type=\"widget\" data-widget_type=\"tp-heading.default\">\n\t\t\t\t<div class=\"elementor-widget-container\">\n\t\t\t\t\t\r\n\t\t\r\n            <div class=\"section__title\">\r\n\r\n                \r\n                \r\n                                    <p class=\"desc\"><p>Copyright \u00a9 2025 etnpro. Todos los derechos reservados. Versi\u00f3n&nbsp;: 1.6.3<\/p>\n<\/p>\r\n                \r\n            <\/div>\r\n\r\n        \r\n        \t\t\t\t<\/div>\n\t\t\t\t<\/div>\n\t\t\t\t<\/div>\n\t\t<div class=\"elementor-element elementor-element-7dc61f0 e-con-full e-flex e-con e-child\" data-id=\"7dc61f0\" data-element_type=\"container\">\n\t\t\t\t<div class=\"elementor-element elementor-element-e048ca8 elementor-widget elementor-widget-tp-heading\" data-id=\"e048ca8\" data-element_type=\"widget\" data-widget_type=\"tp-heading.default\">\n\t\t\t\t<div class=\"elementor-widget-container\">\n\t\t\t\t\t\r\n\t\t\r\n            <div class=\"section__title\">\r\n\r\n                \r\n                \r\n                                    <p class=\"desc\"><a href=\"https:\/\/etnpro.com\/?page_id=1005&amp;lang=es\">Pol\u00edtica de Privacidad\n\n<\/a><\/p>\r\n                \r\n            <\/div>\r\n\r\n        \r\n        \t\t\t\t<\/div>\n\t\t\t\t<\/div>\n\t\t\t\t<\/div>\n\t\t\t\t\t<\/div>\n\t\t\t\t<\/div>\n\t\t\t\t<\/div>\n\t\t","protected":false},"excerpt":{"rendered":"<p>* > * > *; opacity:[0, 1]; translateY:[24, 0]; onview: true; delay: anime.stagger(100);\u00a0\u00bb> 1 Registro Crea tu cuenta en pocos segundos. 2 Crea tu c\u00edrculo Invita a tus amigos o personas cercanas a unirse a tu grupo de ayuda mutua. 3 \u00a1Empieza! Participa en los ciclos y, cuando te toque, accede al fondo com\u00fan para [&hellip;]<\/p>\n","protected":false},"author":1,"featured_media":0,"parent":0,"menu_order":0,"comment_status":"closed","ping_status":"closed","template":"","meta":{"_acf_changed":false,"footnotes":""},"class_list":["post-653","page","type-page","status-publish","hentry"],"acf":[],"_links":{"self":[{"href":"https:\/\/etnpro.com\/index.php?rest_route=\/wp\/v2\/pages\/653","targetHints":{"allow":["GET"]}}],"collection":[{"href":"https:\/\/etnpro.com\/index.php?rest_route=\/wp\/v2\/pages"}],"about":[{"href":"https:\/\/etnpro.com\/index.php?rest_route=\/wp\/v2\/types\/page"}],"author":[{"embeddable":true,"href":"https:\/\/etnpro.com\/index.php?rest_route=\/wp\/v2\/users\/1"}],"replies":[{"embeddable":true,"href":"https:\/\/etnpro.com\/index.php?rest_route=%2Fwp%2Fv2%2Fcomments&post=653"}],"version-history":[{"count":11,"href":"https:\/\/etnpro.com\/index.php?rest_route=\/wp\/v2\/pages\/653\/revisions"}],"predecessor-version":[{"id":1065,"href":"https:\/\/etnpro.com\/index.php?rest_route=\/wp\/v2\/pages\/653\/revisions\/1065"}],"wp:attachment":[{"href":"https:\/\/etnpro.com\/index.php?rest_route=%2Fwp%2Fv2%2Fmedia&parent=653"}],"curies":[{"name":"wp","href":"https:\/\/api.w.org\/{rel}","templated":true}]}}