{"id":696,"date":"2025-07-31T21:24:46","date_gmt":"2025-07-31T21:24:46","guid":{"rendered":"https:\/\/etnpro.com\/?page_id=696"},"modified":"2025-08-04T14:42:08","modified_gmt":"2025-08-04T14:42:08","slug":"werden-sie-vertriebspartner","status":"publish","type":"page","link":"https:\/\/etnpro.com\/?page_id=696&lang=de","title":{"rendered":"Werden Sie Vertriebspartner"},"content":{"rendered":"\t\t<div data-elementor-type=\"wp-page\" data-elementor-id=\"696\" class=\"elementor elementor-696\">\n\t\t\t\t<div class=\"elementor-element elementor-element-6f6ff24 e-flex e-con-boxed e-con e-parent\" data-id=\"6f6ff24\" data-element_type=\"container\">\n\t\t\t\t\t<div class=\"e-con-inner\">\n\t\t<div class=\"elementor-element elementor-element-0ab1242 e-con-full e-flex e-con e-child\" data-id=\"0ab1242\" data-element_type=\"container\">\n\t\t\t\t<div class=\"elementor-element elementor-element-3ee82cb elementor-widget elementor-widget-tp-heading\" data-id=\"3ee82cb\" data-element_type=\"widget\" data-widget_type=\"tp-heading.default\">\n\t\t\t\t<div class=\"elementor-widget-container\">\n\t\t\t\t\t\r\n\t\t\r\n            <div class=\"section__title\">\r\n\r\n                <span class=\"sub-title tg-text-gradient\">Werden Sie ETNPro-Partner<\/span>\r\n                \r\n                                    <p class=\"desc\">Sind Sie H\u00e4ndler, Unternehmer oder einfach motiviert?\nTreten Sie unserem Partnernetzwerk bei und bieten Sie Ihrer Community einen erleichterten Zugang zu ETNPro an.<br>\n\nAls Partner begleiten Sie neue Nutzer bei der Anmeldung und Nutzung der App.<br>\nF\u00fcr jede erfolgreiche Aktivierung \u00fcber Ihren Partnerlink oder -code erhalten Sie eine transparente Belohnung gem\u00e4\u00df unseren Bedingungen.<br>\n\nSie m\u00fcssen kein Geld verwalten. Alle Transaktionen sind sicher und werden direkt von den Nutzern abgewickelt.<br>\n\nInteressiert? Kontaktieren Sie uns, um Ihren Partnerzugang zu erhalten.<\/h4>\n<\/p>\r\n                \r\n            <\/div>\r\n\r\n        \r\n        \t\t\t\t<\/div>\n\t\t\t\t<\/div>\n\t\t\t\t<\/div>\n\t\t<div class=\"elementor-element elementor-element-08de5c7 e-con-full e-flex e-con e-child\" data-id=\"08de5c7\" data-element_type=\"container\">\n\t\t\t\t<div class=\"elementor-element elementor-element-ae6d133 elementor-widget elementor-widget-shortcode\" data-id=\"ae6d133\" data-element_type=\"widget\" data-widget_type=\"shortcode.default\">\n\t\t\t\t\t\t\t<div class=\"elementor-shortcode\"><div class=\"frm_forms  with_frm_style frm_style_formidable-style\" id=\"frm_form_5_container\" data-token=\"de4b4870e38d41114355d14fec3f40bd\">\n<form enctype=\"multipart\/form-data\" method=\"post\" class=\"frm-show-form  frm_pro_form \" id=\"form_resseler-5\" data-token=\"de4b4870e38d41114355d14fec3f40bd\">\n<div class=\"frm_form_fields \">\n<fieldset>\n<legend class=\"frm_screen_reader\">resseler - de<\/legend>\r\n\r\n<div class=\"frm_fields_container\">\n<input type=\"hidden\" name=\"frm_action\" value=\"create\" \/>\n<input type=\"hidden\" name=\"form_id\" value=\"5\" \/>\n<input type=\"hidden\" name=\"frm_hide_fields_5\" id=\"frm_hide_fields_5\" value=\"\" \/>\n<input type=\"hidden\" name=\"form_key\" value=\"resseler-5\" \/>\n<input type=\"hidden\" name=\"item_meta[0]\" value=\"\" \/>\n<input type=\"hidden\" id=\"frm_submit_entry_5\" name=\"frm_submit_entry_5\" value=\"03dbe70966\" \/><input type=\"hidden\" name=\"_wp_http_referer\" value=\"\/index.php?rest_route=%2Fwp%2Fv2%2Fpages%2F696\" \/><div id=\"frm_field_27_container\" class=\"frm_form_field form-field  frm_required_field frm_top_container frm6 frm_first\">\r\n\t<label for=\"field_xos2v4\" id=\"field_xos2v4_label\" class=\"frm_primary_label\">Vollst\u00e4ndiger Name\r\n\t\t<span class=\"frm_required\" aria-hidden=\"true\">*<\/span>\r\n\t<\/label>\r\n\t<input  type=\"text\" id=\"field_xos2v4\" name=\"item_meta[27]\" value=\"\"  data-reqmsg=\"Vollst\u00e4ndiger Name ne peut pas \u00eatre vide.\" aria-required=\"true\" data-invmsg=\"Vollst\u00e4ndiger Name est non valide\" aria-invalid=\"false\"   \/>\r\n\t\r\n\t\r\n<\/div>\n<div id=\"frm_field_28_container\" class=\"frm_form_field form-field  frm_required_field frm_top_container frm6\">\r\n\t<label for=\"field_ikhrl4\" id=\"field_ikhrl4_label\" class=\"frm_primary_label\">E-mail\r\n\t\t<span class=\"frm_required\" aria-hidden=\"true\">*<\/span>\r\n\t<\/label>\r\n\t<input type=\"email\" id=\"field_ikhrl4\" name=\"item_meta[28]\" value=\"\"  autocomplete=\"email\"  data-reqmsg=\"E-mail ne peut pas \u00eatre vide.\" aria-required=\"true\" data-invmsg=\"E-mail est non valide\" aria-invalid=\"false\"  \/>\r\n\t\r\n\t\r\n<\/div>\n<div id=\"frm_field_29_container\" class=\"frm_form_field form-field  frm_required_field frm_top_container frm6 frm_first\">\r\n\t<label for=\"field_zxtgt4\" id=\"field_zxtgt4_label\" class=\"frm_primary_label\">WhatsApp-Nummer (mit L\u00e4ndervorwahl)\r\n\t\t<span class=\"frm_required\" aria-hidden=\"true\">*<\/span>\r\n\t<\/label>\r\n\t<input type=\"tel\" id=\"field_zxtgt4\" name=\"item_meta[29]\" value=\"\"  data-reqmsg=\"WhatsApp-Nummer (mit L\u00e4ndervorwahl) ne peut pas \u00eatre vide.\" aria-required=\"true\" data-invmsg=\"WhatsApp-Nummer (mit L\u00e4ndervorwahl) est non valide\" aria-invalid=\"false\" pattern=\"((\\+\\d{1,3}(-|.| )?\\(?\\d\\)?(-| |.)?\\d{1,5})|(\\(?\\d{2,6}\\)?))(-|.| )?(\\d{3,4})(-|.| )?(\\d{4})(( x| ext)\\d{1,5}){0,1}$\"  \/>\r\n\t\r\n\t\r\n<\/div>\n<div id=\"frm_field_30_container\" class=\"frm_form_field form-field  frm_required_field frm_top_container frm6\">\r\n\t<label for=\"field_pr2fx4\" id=\"field_pr2fx4_label\" class=\"frm_primary_label\">Land\r\n\t\t<span class=\"frm_required\" aria-hidden=\"true\">*<\/span>\r\n\t<\/label>\r\n\t<input  type=\"text\" id=\"field_pr2fx4\" name=\"item_meta[30]\" value=\"\"  data-reqmsg=\"Land ne peut pas \u00eatre vide.\" aria-required=\"true\" data-invmsg=\"Land est non valide\" aria-invalid=\"false\"   \/>\r\n\t\r\n\t\r\n<\/div>\n<div id=\"frm_field_31_container\" class=\"frm_form_field form-field  frm_required_field frm_top_container\">\r\n\t<label for=\"field_oqqm34\" id=\"field_oqqm34_label\" class=\"frm_primary_label\">Nachricht\r\n\t\t<span class=\"frm_required\" aria-hidden=\"true\">*<\/span>\r\n\t<\/label>\r\n\t<textarea data-auto-grow=\"1\"  name=\"item_meta[31]\" id=\"field_oqqm34\" rows=\"5\"  data-frmval=\"Hallo,\r\n\r\nich m\u00f6chte Partner der ETNPro-Plattform werden, um Ihre L\u00f6sung meiner Community anzubieten.\r\nHier sind meine Angaben:\r\n\r\nVollst\u00e4ndiger Name:\r\n\r\nE-Mail:\r\n\r\nWhatsApp:\r\n\r\nLand:\r\n\r\nIch bin an Ihrem Partnerprogramm interessiert und m\u00f6chte die Details erhalten, um meinen Partnerzugang zu bekommen und mit der Empfehlung der Plattform zu beginnen.\r\nVielen Dank, dass Sie mich zeitnah kontaktieren.\r\n\r\nMit freundlichen Gr\u00fc\u00dfen,\r\n[Vor- und Nachname]\" data-reqmsg=\"Nachricht ne peut pas \u00eatre vide.\" aria-required=\"true\" data-invmsg=\"Nachricht est non valide\" aria-invalid=\"false\"  >Hallo,\r\n\r\nich m\u00f6chte Partner der ETNPro-Plattform werden, um Ihre L\u00f6sung meiner Community anzubieten.\r\nHier sind meine Angaben:\r\n\r\nVollst\u00e4ndiger Name:\r\n\r\nE-Mail:\r\n\r\nWhatsApp:\r\n\r\nLand:\r\n\r\nIch bin an Ihrem Partnerprogramm interessiert und m\u00f6chte die Details erhalten, um meinen Partnerzugang zu bekommen und mit der Empfehlung der Plattform zu beginnen.\r\nVielen Dank, dass Sie mich zeitnah kontaktieren.\r\n\r\nMit freundlichen Gr\u00fc\u00dfen,\r\n[Vor- und Nachname]<\/textarea>\r\n\t\r\n\t\r\n<\/div>\n<div id=\"frm_field_32_container\" class=\"frm_form_field form-field  frm_none_container frm12 frm_first\">\r\n\t<label for=\"g-recaptcha-response\" id=\"field_682le4_label\" class=\"frm_primary_label\">Captcha\r\n\t\t<span class=\"frm_required\" aria-hidden=\"true\"><\/span>\r\n\t<\/label>\r\n\t<div  id=\"field_682le4\" class=\"frm-g-recaptcha\" data-sitekey=\"6LdodJcrAAAAAMW3J8FHesaDvHt4Y1MBNPXoQJwg\" data-size=\"normal\" data-theme=\"light\"><\/div>\r\n\t\r\n\t\r\n<\/div>\n<div id=\"frm_field_33_container\" class=\"frm_form_field form-field  frm12 frm_first\">\r\n\t<div class=\"frm_submit frm_flex\">\r\n<button class=\"frm_button_submit frm_final_submit\" type=\"submit\"   formnovalidate=\"formnovalidate\">Absenden<\/button>\r\n\r\n\r\n\r\n<\/div>\r\n<\/div>\n\t<input type=\"hidden\" name=\"item_key\" value=\"\" \/>\n\t\t\t<div id=\"frm_field_41_container\">\n\t\t\t<label for=\"field_nlzjx\" >\n\t\t\t\tSi vous \u00eates un humain, ne remplissez pas ce champ.\t\t\t<\/label>\n\t\t\t<input  id=\"field_nlzjx\" type=\"text\" class=\"frm_form_field form-field frm_verify\" name=\"item_meta[41]\" value=\"\"  \/>\n\t\t<\/div>\n\t\t<input name=\"frm_state\" type=\"hidden\" value=\"TP5S9vH6vLppCrOBRjlt9sOBCZpHwrffvIFg\/\/+m7gqdUOC9q9ycIYcyP2MN\/pUs\" \/><\/div>\n<\/fieldset>\n<\/div>\n\n<\/form>\n<\/div>\n<\/div>\n\t\t\t\t\t\t<\/div>\n\t\t\t\t<\/div>\n\t\t\t\t\t<\/div>\n\t\t\t\t<\/div>\n\t\t<div class=\"elementor-element elementor-element-4c6fdcb e-flex e-con-boxed e-con e-parent\" data-id=\"4c6fdcb\" data-element_type=\"container\">\n\t\t\t\t\t<div class=\"e-con-inner\">\n\t\t<div class=\"elementor-element elementor-element-daef983 e-con-full e-flex e-con e-child\" data-id=\"daef983\" data-element_type=\"container\">\n\t\t\t\t<div class=\"elementor-element elementor-element-46f73da elementor-widget elementor-widget-image\" data-id=\"46f73da\" data-element_type=\"widget\" data-widget_type=\"image.default\">\n\t\t\t\t\t\t\t\t\t\t\t\t\t\t\t<img decoding=\"async\" width=\"182\" height=\"56\" src=\"https:\/\/etnpro.com\/wp-content\/uploads\/2025\/08\/Tontine.svg\" class=\"attachment-large size-large wp-image-766\" alt=\"\" \/>\t\t\t\t\t\t\t\t\t\t\t\t\t\t\t<\/div>\n\t\t\t\t<div class=\"elementor-element elementor-element-2ce8976 elementor-widget elementor-widget-tp-heading\" data-id=\"2ce8976\" data-element_type=\"widget\" data-widget_type=\"tp-heading.default\">\n\t\t\t\t<div class=\"elementor-widget-container\">\n\t\t\t\t\t\r\n\t\t\r\n            <div class=\"section__title\">\r\n\r\n                \r\n                \r\n                                    <p class=\"desc\">ETNPro. Die Kraft der Gemeinschaft in Ihren H\u00e4nden.\nLaden Sie die App herunter und erstellen oder treten Sie einer vertrauensw\u00fcrdigen Gruppe bei.\nEinfach, direkt, ohne versteckte Geb\u00fchren oder finanzielle Vermittler.<\/p>\r\n                \r\n            <\/div>\r\n\r\n        \r\n        \t\t\t\t<\/div>\n\t\t\t\t<\/div>\n\t\t\t\t<\/div>\n\t\t<div class=\"elementor-element elementor-element-1997f2e e-con-full e-flex e-con e-child\" data-id=\"1997f2e\" data-element_type=\"container\">\n\t\t\t\t<div class=\"elementor-element elementor-element-83491f6 elementor-widget elementor-widget-tp-heading\" data-id=\"83491f6\" data-element_type=\"widget\" data-widget_type=\"tp-heading.default\">\n\t\t\t\t<div class=\"elementor-widget-container\">\n\t\t\t\t\t\r\n\t\t\r\n            <div class=\"section__title\">\r\n\r\n                \r\n                <h2 class=\"title\"><h5>Schnellzugriff <\/h2>\r\n                                    <p class=\"desc\"><a href=\"https:\/\/etnpro.com\/?page_id=680&amp;lang=de\">Startseite<\/a><br>\n<a href=\"https:\/\/etnpro.com\/?page_id=685&amp;lang=de\">Verlauf<\/a><br>\n<a href=\"https:\/\/etnpro.com\/?page_id=691&amp;lang=de\">Wie funktioniert es?<\/a><br>\n<a href=\"https:\/\/etnpro.com\/?page_id=696&amp;lang=de\">Werden Sie Vertriebspartner<\/a><br>\n<a href=\"https:\/\/etnpro.com\/?page_id=701&amp;lang=de\">AGB<\/a><br>\n<\/p>\r\n                \r\n            <\/div>\r\n\r\n        \r\n        \t\t\t\t<\/div>\n\t\t\t\t<\/div>\n\t\t\t\t<\/div>\n\t\t<div class=\"elementor-element elementor-element-29763f6 e-con-full e-flex e-con e-child\" data-id=\"29763f6\" data-element_type=\"container\">\n\t\t\t\t<div class=\"elementor-element elementor-element-f00c0ab elementor-widget elementor-widget-tp-heading\" data-id=\"f00c0ab\" data-element_type=\"widget\" data-widget_type=\"tp-heading.default\">\n\t\t\t\t<div class=\"elementor-widget-container\">\n\t\t\t\t\t\r\n\t\t\r\n            <div class=\"section__title\">\r\n\r\n                \r\n                <h2 class=\"title\"><h5>Koordinate<\/h2>\r\n                \r\n            <\/div>\r\n\r\n        \r\n        \t\t\t\t<\/div>\n\t\t\t\t<\/div>\n\t\t\t\t<div class=\"elementor-element elementor-element-9cb4ec8 elementor-widget elementor-widget-tp-heading\" data-id=\"9cb4ec8\" data-element_type=\"widget\" data-widget_type=\"tp-heading.default\">\n\t\t\t\t<div class=\"elementor-widget-container\">\n\t\t\t\t\t\r\n\t\t\r\n            <div class=\"section__title\">\r\n\r\n                \r\n                \r\n                                    <p class=\"desc\"><a href=\"mailto:contact@etnprto.ma\">E-mail: contact@etnprto.ma<\/a><br>\n<a href=\"tel:+1 (252) 203-0303\">Telefon: +1 (252) 203-0303\n<\/a><br>\n<a href=\"tel:+1 (252) 203-0303\">Adresse: NM 87120 US\n<\/a>\n\n<\/p>\r\n                \r\n            <\/div>\r\n\r\n        \r\n        \t\t\t\t<\/div>\n\t\t\t\t<\/div>\n\t\t\t\t<\/div>\n\t\t\t\t\t<\/div>\n\t\t\t\t<\/div>\n\t\t<div class=\"elementor-element elementor-element-3ed522e e-flex e-con-boxed e-con e-parent\" data-id=\"3ed522e\" data-element_type=\"container\">\n\t\t\t\t\t<div class=\"e-con-inner\">\n\t\t<div class=\"elementor-element elementor-element-ae9fd1d e-con-full e-flex e-con e-child\" data-id=\"ae9fd1d\" data-element_type=\"container\">\n\t\t\t\t<div class=\"elementor-element elementor-element-8dfdbc3 elementor-widget elementor-widget-tp-heading\" data-id=\"8dfdbc3\" data-element_type=\"widget\" data-widget_type=\"tp-heading.default\">\n\t\t\t\t<div class=\"elementor-widget-container\">\n\t\t\t\t\t\r\n\t\t\r\n            <div class=\"section__title\">\r\n\r\n                \r\n                \r\n                                    <p class=\"desc\"><p>Copyright \u00a9 2025 etnpro. Alle Rechte vorbehalten. Version: 1.6.3<\/p>\n<\/p>\r\n                \r\n            <\/div>\r\n\r\n        \r\n        \t\t\t\t<\/div>\n\t\t\t\t<\/div>\n\t\t\t\t<\/div>\n\t\t<div class=\"elementor-element elementor-element-7f8b8ab e-con-full e-flex e-con e-child\" data-id=\"7f8b8ab\" data-element_type=\"container\">\n\t\t\t\t<div class=\"elementor-element elementor-element-a7fa66a elementor-widget elementor-widget-tp-heading\" data-id=\"a7fa66a\" data-element_type=\"widget\" data-widget_type=\"tp-heading.default\">\n\t\t\t\t<div class=\"elementor-widget-container\">\n\t\t\t\t\t\r\n\t\t\r\n            <div class=\"section__title\">\r\n\r\n                \r\n                \r\n                                    <p class=\"desc\"><a href=\"https:\/\/etnpro.com\/?page_id=1011&amp;lang=de\">Datenschutzerkl\u00e4rung\n<\/a><\/p>\r\n                \r\n            <\/div>\r\n\r\n        \r\n        \t\t\t\t<\/div>\n\t\t\t\t<\/div>\n\t\t\t\t<\/div>\n\t\t\t\t\t<\/div>\n\t\t\t\t<\/div>\n\t\t\t\t<\/div>\n\t\t","protected":false},"excerpt":{"rendered":"<p>Werden Sie ETNPro-Partner Sind Sie H\u00e4ndler, Unternehmer oder einfach motiviert? Treten Sie unserem Partnernetzwerk bei und bieten Sie Ihrer Community einen erleichterten Zugang zu ETNPro an. Als Partner begleiten Sie neue Nutzer bei der Anmeldung und Nutzung der App. F\u00fcr jede erfolgreiche Aktivierung \u00fcber Ihren Partnerlink oder -code erhalten Sie eine transparente Belohnung gem\u00e4\u00df unseren [&hellip;]<\/p>\n","protected":false},"author":1,"featured_media":0,"parent":0,"menu_order":0,"comment_status":"closed","ping_status":"closed","template":"","meta":{"_acf_changed":false,"footnotes":""},"class_list":["post-696","page","type-page","status-publish","hentry"],"acf":[],"_links":{"self":[{"href":"https:\/\/etnpro.com\/index.php?rest_route=\/wp\/v2\/pages\/696","targetHints":{"allow":["GET"]}}],"collection":[{"href":"https:\/\/etnpro.com\/index.php?rest_route=\/wp\/v2\/pages"}],"about":[{"href":"https:\/\/etnpro.com\/index.php?rest_route=\/wp\/v2\/types\/page"}],"author":[{"embeddable":true,"href":"https:\/\/etnpro.com\/index.php?rest_route=\/wp\/v2\/users\/1"}],"replies":[{"embeddable":true,"href":"https:\/\/etnpro.com\/index.php?rest_route=%2Fwp%2Fv2%2Fcomments&post=696"}],"version-history":[{"count":14,"href":"https:\/\/etnpro.com\/index.php?rest_route=\/wp\/v2\/pages\/696\/revisions"}],"predecessor-version":[{"id":1086,"href":"https:\/\/etnpro.com\/index.php?rest_route=\/wp\/v2\/pages\/696\/revisions\/1086"}],"wp:attachment":[{"href":"https:\/\/etnpro.com\/index.php?rest_route=%2Fwp%2Fv2%2Fmedia&parent=696"}],"curies":[{"name":"wp","href":"https:\/\/api.w.org\/{rel}","templated":true}]}}